{"id":250,"date":"2021-04-21T12:47:08","date_gmt":"2021-04-21T09:47:08","guid":{"rendered":"http:\/\/vps.virtuaalikoulu.org\/ilmastosoturit\/?page_id=250"},"modified":"2021-04-26T14:07:23","modified_gmt":"2021-04-26T11:07:23","slug":"yhteydenottolomake","status":"publish","type":"page","link":"http:\/\/vps.virtuaalikoulu.org\/ilmastosoturit\/yhteydenottolomake\/","title":{"rendered":"Yhteydenottolomake"},"content":{"rendered":"\n\n[et_pb_section fb_built=&#8221;1&#8243; _builder_version=&#8221;3.22&#8243;][et_pb_row _builder_version=&#8221;3.25&#8243; background_size=&#8221;initial&#8221; background_position=&#8221;top_left&#8221; background_repeat=&#8221;repeat&#8221; width=&#8221;82.6%&#8221; custom_margin=&#8221;|153px||auto||&#8221;][et_pb_column type=&#8221;4_4&#8243; _builder_version=&#8221;3.25&#8243; custom_padding=&#8221;|||&#8221; custom_padding__hover=&#8221;|||&#8221;][et_pb_text _builder_version=&#8221;3.27.4&#8243; background_size=&#8221;initial&#8221; background_position=&#8221;top_left&#8221; background_repeat=&#8221;repeat&#8221; custom_margin=&#8221;|||38px||&#8221;]<div class=\"wpforms-container wpforms-container-full\" id=\"wpforms-249\"><form id=\"wpforms-form-249\" class=\"wpforms-validate wpforms-form\" data-formid=\"249\" method=\"post\" enctype=\"multipart\/form-data\" action=\"\/ilmastosoturit\/wp-json\/wp\/v2\/pages\/250\" data-token=\"9b9bfea1db4e8d8f23909f6bbad281d4\"><noscript class=\"wpforms-error-noscript\">Please enable JavaScript in your browser to complete this form.<\/noscript><div class=\"wpforms-field-container\"><div id=\"wpforms-249-field_0-container\" class=\"wpforms-field wpforms-field-name\" data-field-id=\"0\"><label class=\"wpforms-field-label\" for=\"wpforms-249-field_0\">Nimi <span class=\"wpforms-required-label\">*<\/span><\/label><input type=\"text\" id=\"wpforms-249-field_0\" class=\"wpforms-field-medium wpforms-field-required\" name=\"wpforms[fields][0]\" required><\/div><div id=\"wpforms-249-field_3-container\" class=\"wpforms-field wpforms-field-text\" data-field-id=\"3\"><label class=\"wpforms-field-label\" for=\"wpforms-249-field_3\">Koulu tai muu taho <span class=\"wpforms-required-label\">*<\/span><\/label><input type=\"text\" id=\"wpforms-249-field_3\" class=\"wpforms-field-medium wpforms-field-required\" name=\"wpforms[fields][3]\" required><\/div><div id=\"wpforms-249-field_4-container\" class=\"wpforms-field wpforms-field-textarea\" data-field-id=\"4\"><label class=\"wpforms-field-label\" for=\"wpforms-249-field_4\">Yhteystietosi <span class=\"wpforms-required-label\">*<\/span><\/label><textarea id=\"wpforms-249-field_4\" class=\"wpforms-field-medium wpforms-field-required\" name=\"wpforms[fields][4]\" required><\/textarea><\/div><div id=\"wpforms-249-field_2-container\" class=\"wpforms-field wpforms-field-textarea\" data-field-id=\"2\"><label class=\"wpforms-field-label\" for=\"wpforms-249-field_2\">Viestisi Ilmastosotureille <span class=\"wpforms-required-label\">*<\/span><\/label><textarea id=\"wpforms-249-field_2\" class=\"wpforms-field-medium wpforms-field-required\" name=\"wpforms[fields][2]\" required><\/textarea><\/div><\/div><div class=\"wpforms-submit-container\"><input type=\"hidden\" name=\"wpforms[id]\" value=\"249\"><input type=\"hidden\" name=\"wpforms[author]\" value=\"3\"><button type=\"submit\" name=\"wpforms[submit]\" id=\"wpforms-submit-249\" class=\"wpforms-submit\" data-alt-text=\"L\u00e4hett\u00e4\u00e4...\" data-submit-text=\"L\u00e4het\u00e4\" aria-live=\"assertive\" value=\"wpforms-submit\">L\u00e4het\u00e4<\/button><\/div><\/form><\/div>  <!-- .wpforms-container -->[\/et_pb_text][\/et_pb_column][\/et_pb_row][\/et_pb_section]\n\n","protected":false},"excerpt":{"rendered":"<div class=\"wpforms-container wpforms-container-full\" id=\"wpforms-249\"><form id=\"wpforms-form-249\" class=\"wpforms-validate wpforms-form\" data-formid=\"249\" method=\"post\" enctype=\"multipart\/form-data\" action=\"\/ilmastosoturit\/wp-json\/wp\/v2\/pages\/250\" data-token=\"9b9bfea1db4e8d8f23909f6bbad281d4\"><noscript class=\"wpforms-error-noscript\">Please enable JavaScript in your browser to complete this form.<\/noscript><div class=\"wpforms-field-container\"><div id=\"wpforms-249-field_0-container\" class=\"wpforms-field wpforms-field-name\" data-field-id=\"0\"><label class=\"wpforms-field-label\" for=\"wpforms-249-field_0\">Nimi <span class=\"wpforms-required-label\">*<\/span><\/label><input type=\"text\" id=\"wpforms-249-field_0\" class=\"wpforms-field-medium wpforms-field-required\" name=\"wpforms[fields][0]\" required><\/div><div id=\"wpforms-249-field_3-container\" class=\"wpforms-field wpforms-field-text\" data-field-id=\"3\"><label class=\"wpforms-field-label\" for=\"wpforms-249-field_3\">Koulu tai muu taho <span class=\"wpforms-required-label\">*<\/span><\/label><input type=\"text\" id=\"wpforms-249-field_3\" class=\"wpforms-field-medium wpforms-field-required\" name=\"wpforms[fields][3]\" required><\/div><div id=\"wpforms-249-field_4-container\" class=\"wpforms-field wpforms-field-textarea\" data-field-id=\"4\"><label class=\"wpforms-field-label\" for=\"wpforms-249-field_4\">Yhteystietosi <span class=\"wpforms-required-label\">*<\/span><\/label><textarea id=\"wpforms-249-field_4\" class=\"wpforms-field-medium wpforms-field-required\" name=\"wpforms[fields][4]\" required><\/textarea><\/div><div id=\"wpforms-249-field_2-container\" class=\"wpforms-field wpforms-field-textarea\" data-field-id=\"2\"><label class=\"wpforms-field-label\" for=\"wpforms-249-field_2\">Viestisi Ilmastosotureille <span class=\"wpforms-required-label\">*<\/span><\/label><textarea id=\"wpforms-249-field_2\" class=\"wpforms-field-medium wpforms-field-required\" name=\"wpforms[fields][2]\" required><\/textarea><\/div><\/div><div class=\"wpforms-submit-container\"><input type=\"hidden\" name=\"wpforms[id]\" value=\"249\"><input type=\"hidden\" name=\"wpforms[author]\" value=\"3\"><button type=\"submit\" name=\"wpforms[submit]\" id=\"wpforms-submit-249\" class=\"wpforms-submit\" data-alt-text=\"L\u00e4hett\u00e4\u00e4...\" data-submit-text=\"L\u00e4het\u00e4\" aria-live=\"assertive\" value=\"wpforms-submit\">L\u00e4het\u00e4<\/button><\/div><\/form><\/div>  <!-- .wpforms-container -->\n","protected":false},"author":3,"featured_media":0,"parent":0,"menu_order":0,"comment_status":"closed","ping_status":"closed","template":"","meta":{"_et_pb_use_builder":"on","_et_pb_old_content":"","_et_gb_content_width":"","_monsterinsights_skip_tracking":false,"_monsterinsights_sitenote_active":false,"_monsterinsights_sitenote_note":"","_monsterinsights_sitenote_category":0},"_links":{"self":[{"href":"http:\/\/vps.virtuaalikoulu.org\/ilmastosoturit\/wp-json\/wp\/v2\/pages\/250"}],"collection":[{"href":"http:\/\/vps.virtuaalikoulu.org\/ilmastosoturit\/wp-json\/wp\/v2\/pages"}],"about":[{"href":"http:\/\/vps.virtuaalikoulu.org\/ilmastosoturit\/wp-json\/wp\/v2\/types\/page"}],"author":[{"embeddable":true,"href":"http:\/\/vps.virtuaalikoulu.org\/ilmastosoturit\/wp-json\/wp\/v2\/users\/3"}],"replies":[{"embeddable":true,"href":"http:\/\/vps.virtuaalikoulu.org\/ilmastosoturit\/wp-json\/wp\/v2\/comments?post=250"}],"version-history":[{"count":4,"href":"http:\/\/vps.virtuaalikoulu.org\/ilmastosoturit\/wp-json\/wp\/v2\/pages\/250\/revisions"}],"predecessor-version":[{"id":259,"href":"http:\/\/vps.virtuaalikoulu.org\/ilmastosoturit\/wp-json\/wp\/v2\/pages\/250\/revisions\/259"}],"wp:attachment":[{"href":"http:\/\/vps.virtuaalikoulu.org\/ilmastosoturit\/wp-json\/wp\/v2\/media?parent=250"}],"curies":[{"name":"wp","href":"https:\/\/api.w.org\/{rel}","templated":true}]}}